{"id":7554,"date":"2025-11-17T13:02:27","date_gmt":"2025-11-17T12:02:27","guid":{"rendered":"https:\/\/www.bumacogroup.be\/?post_type=job&#038;p=7554"},"modified":"2025-11-17T13:02:46","modified_gmt":"2025-11-17T12:02:46","slug":"chef-de-projet-energie-verte","status":"publish","type":"job","link":"https:\/\/www.bumacogroup.be\/fr\/job\/projectleider-groene-energie\/","title":{"rendered":"Chef de projet \u00e9nergie verte"},"content":{"rendered":"<p>En tant que chef de projet \u00c9nergie verte, vous serez le visage de nos grands chantiers. Vous dirigerez des projets de A \u00e0 Z, veillerez \u00e0 leur bon d\u00e9roulement et apporterez votre soutien \u00e0 nos techniciens si n\u00e9cessaire. Vous \u00eates une personne d'action qui garde une vue d'ensemble : coordonner et mettre la main \u00e0 la p\u00e2te vous dynamisent.<\/p>\n\n\n\n<p>De plus, vous avez une forte affinit\u00e9 technique. Vous \u00eates capable d'ajuster sur place les param\u00e8tres complexes des stations de recharge, des syst\u00e8mes de stockage de batteries et des plateformes de surveillance. Connecter, configurer et d\u00e9panner ? Aucun probl\u00e8me pour vous, vous savez comment r\u00e9soudre les d\u00e9fis techniques.<\/p>\n\n\n\n<h2 class=\"wp-block-heading\"><strong>Quelles sont tes t\u00e2ches quotidiennes ?<\/strong><\/h2>\n\n\n\n<ul class=\"wp-block-list\">\n<li>Suivi et gestion de projets de grande envergure dans le domaine des infrastructures de recharge, du stockage d'\u00e9nergie et d'autres installations d'\u00e9nergie verte.<\/li>\n\n\n\n<li>Coordination des techniciens, sous-traitants et fournisseurs sur le chantier.<\/li>\n\n\n\n<li>Contr\u00f4le du planning, du budget et de la qualit\u00e9.<\/li>\n\n\n\n<li>R\u00e9alisation d'interventions techniques lorsque cela s'av\u00e8re n\u00e9cessaire, telles que :\n<ul class=\"wp-block-list\">\n<li>configurations sur les stations de recharge (param\u00e8tres, communication, \u00e9quilibrage de charge, micrologiciel\u2026)<\/li>\n\n\n\n<li>param\u00e9trage et mise en service de syst\u00e8mes de stockage par batterie<\/li>\n\n\n\n<li>connexions avec les plateformes de surveillance et de gestion<\/li>\n<\/ul>\n<\/li>\n\n\n\n<li>Rendre compte de l'avancement et des probl\u00e8mes techniques \u00e0 l'\u00e9quipe de projet interne.<\/li>\n\n\n\n<li>Pr\u00e9paration et accompagnement des livraisons et des inspections.<\/li>\n\n\n\n<li>Garantir une ex\u00e9cution s\u00fbre, correcte et orient\u00e9e client de chaque projet.<\/li>\n<\/ul>\n\n\n\n<h2 class=\"wp-block-heading\"><strong>\u00c0 quoi ressemble ton profil ?<\/strong><\/h2>\n\n\n\n<ul class=\"wp-block-list\">\n<li>Vous avez d\u00e9j\u00e0 une exp\u00e9rience en tant que chef de projet dans le secteur et dans des projets B2C et B2B, ou vous \u00eates pr\u00eat \u00e0 franchir cette nouvelle \u00e9tape.<\/li>\n\n\n\n<li>Vous poss\u00e9dez de solides connaissances techniques et avez un style de communication fluide qui vous permet d'expliquer clairement les projets.<\/li>\n\n\n\n<li>Vous \u00eates pragmatique : vous n'h\u00e9sitez pas \u00e0 mettre la main \u00e0 la p\u00e2te sur le chantier et \u00e0 r\u00e9aliser des configurations.<\/li>\n\n\n\n<li>Vous \u00eates capable de lire, d'analyser et d'appliquer la documentation technique.<\/li>\n\n\n\n<li>Vous communiquez clairement et travaillez de mani\u00e8re structur\u00e9e.<\/li>\n\n\n\n<li>Vous \u00eates titulaire d'un permis de conduire B.<\/li>\n<\/ul>\n\n\n\n<h2 class=\"wp-block-heading\"><strong>Que vous offrons-nous ?<\/strong><\/h2>\n\n\n\n<ul class=\"wp-block-list\">\n<li>Un poste stimulant au sein d'un groupe d'installation passionnant\u00a0<\/li>\n\n\n\n<li>Des projets tr\u00e8s vari\u00e9s et des contacts diversifi\u00e9s<\/li>\n\n\n\n<li>Responsabilit\u00e9 dans les projets que vous obtenez et votre planning<\/li>\n\n\n\n<li>Un salaire attractif comprenant notamment une voiture de fonction, une assurance hospitalisation et un leasing v\u00e9lo.<\/li>\n\n\n\n<li>Formations dispens\u00e9es dans notre propre Bumaco Academy<\/li>\n\n\n\n<li>\u00c9v\u00e9nements au niveau du groupe et au sein de votre d\u00e9partement<\/li>\n<\/ul>","protected":false},"featured_media":7553,"template":"","bedrijfsnaam":[99],"type-contract":[],"provincie":[40],"segmentering":[77],"type-vacature":[100],"class_list":["post-7554","job","type-job","status-publish","has-post-thumbnail","hentry","bedrijfsnaam-bumaco-energies-2","provincie-vlaams-brabant","segmentering-engineering","type-vacature-bumaco-energies"],"_links":{"self":[{"href":"https:\/\/www.bumacogroup.be\/fr\/wp-json\/wp\/v2\/job\/7554","targetHints":{"allow":["GET"]}}],"collection":[{"href":"https:\/\/www.bumacogroup.be\/fr\/wp-json\/wp\/v2\/job"}],"about":[{"href":"https:\/\/www.bumacogroup.be\/fr\/wp-json\/wp\/v2\/types\/job"}],"wp:featuredmedia":[{"embeddable":true,"href":"https:\/\/www.bumacogroup.be\/fr\/wp-json\/wp\/v2\/media\/7553"}],"wp:attachment":[{"href":"https:\/\/www.bumacogroup.be\/fr\/wp-json\/wp\/v2\/media?parent=7554"}],"wp:term":[{"taxonomy":"bedrijfsnaam","embeddable":true,"href":"https:\/\/www.bumacogroup.be\/fr\/wp-json\/wp\/v2\/bedrijfsnaam?post=7554"},{"taxonomy":"type-contract","embeddable":true,"href":"https:\/\/www.bumacogroup.be\/fr\/wp-json\/wp\/v2\/type-contract?post=7554"},{"taxonomy":"provincie","embeddable":true,"href":"https:\/\/www.bumacogroup.be\/fr\/wp-json\/wp\/v2\/provincie?post=7554"},{"taxonomy":"segmentering","embeddable":true,"href":"https:\/\/www.bumacogroup.be\/fr\/wp-json\/wp\/v2\/segmentering?post=7554"},{"taxonomy":"type-vacature","embeddable":true,"href":"https:\/\/www.bumacogroup.be\/fr\/wp-json\/wp\/v2\/type-vacature?post=7554"}],"curies":[{"name":"wp","href":"https:\/\/api.w.org\/{rel}","templated":true}]}}

Chef de projet énergie verte

<p>En tant que chef de projet Énergie verte, vous serez le visage de nos grands chantiers. Vous dirigerez des projets de A à Z, veillerez à leur bon déroulement et apporterez votre soutien à nos techniciens si nécessaire. Vous êtes une personne d'action qui garde une vue d'ensemble : coordonner et mettre la main à la pâte vous dynamisent.</p>



<p>De plus, vous avez une forte affinité technique. Vous êtes capable d'ajuster sur place les paramètres complexes des stations de recharge, des systèmes de stockage de batteries et des plateformes de surveillance. Connecter, configurer et dépanner ? Aucun problème pour vous, vous savez comment résoudre les défis techniques.</p>



<h2 class="wp-block-heading"><strong>Quelles sont tes tâches quotidiennes ?</strong></h2>



<ul class="wp-block-list">
<li>Suivi et gestion de projets de grande envergure dans le domaine des infrastructures de recharge, du stockage d'énergie et d'autres installations d'énergie verte.</li>



<li>Coordination des techniciens, sous-traitants et fournisseurs sur le chantier.</li>



<li>Contrôle du planning, du budget et de la qualité.</li>



<li>Réalisation d'interventions techniques lorsque cela s'avère nécessaire, telles que :
<ul class="wp-block-list">
<li>configurations sur les stations de recharge (paramètres, communication, équilibrage de charge, micrologiciel…)</li>



<li>paramétrage et mise en service de systèmes de stockage par batterie</li>



<li>connexions avec les plateformes de surveillance et de gestion</li>
</ul>
</li>



<li>Rendre compte de l'avancement et des problèmes techniques à l'équipe de projet interne.</li>



<li>Préparation et accompagnement des livraisons et des inspections.</li>



<li>Garantir une exécution sûre, correcte et orientée client de chaque projet.</li>
</ul>



<h2 class="wp-block-heading"><strong>À quoi ressemble ton profil ?</strong></h2>



<ul class="wp-block-list">
<li>Vous avez déjà une expérience en tant que chef de projet dans le secteur et dans des projets B2C et B2B, ou vous êtes prêt à franchir cette nouvelle étape.</li>



<li>Vous possédez de solides connaissances techniques et avez un style de communication fluide qui vous permet d'expliquer clairement les projets.</li>



<li>Vous êtes pragmatique : vous n'hésitez pas à mettre la main à la pâte sur le chantier et à réaliser des configurations.</li>



<li>Vous êtes capable de lire, d'analyser et d'appliquer la documentation technique.</li>



<li>Vous communiquez clairement et travaillez de manière structurée.</li>



<li>Vous êtes titulaire d'un permis de conduire B.</li>
</ul>



<h2 class="wp-block-heading"><strong>Que vous offrons-nous ?</strong></h2>



<ul class="wp-block-list">
<li>Un poste stimulant au sein d'un groupe d'installation passionnant </li>



<li>Des projets très variés et des contacts diversifiés</li>



<li>Responsabilité dans les projets que vous obtenez et votre planning</li>



<li>Un salaire attractif comprenant notamment une voiture de fonction, une assurance hospitalisation et un leasing vélo.</li>



<li>Formations dispensées dans notre propre Bumaco Academy</li>



<li>Événements au niveau du groupe et au sein de votre département</li>
</ul>
