{"id":6754,"date":"2024-03-10T14:34:00","date_gmt":"2024-03-10T13:34:00","guid":{"rendered":"https:\/\/www.bumacogroup.be\/?post_type=job&#038;p=6754"},"modified":"2025-03-10T14:36:20","modified_gmt":"2025-03-10T13:36:20","slug":"conseiller-en-prevention","status":"publish","type":"job","link":"https:\/\/www.bumacogroup.be\/fr\/job\/preventieadviseur\/","title":{"rendered":"Conseiller en pr\u00e9vention"},"content":{"rendered":"<p>Le groupe Bumaco est en pleine croissance et nous recherchons donc un conseiller en pr\u00e9vention de niveau 1 ou 2, dispos\u00e9 \u00e0 suivre une formation de niveau 1.&nbsp;<\/p>\n\n\n\n<p>Vous participerez \u00e0 l'\u00e9laboration, \u00e0 la programmation, \u00e0 la mise en \u0153uvre et \u00e0 l'\u00e9valuation de notre politique de bien-\u00eatre, en concertation avec notre service ext\u00e9rieur.&nbsp;&nbsp;<\/p>\n\n\n\n<p>Vous \u00eates coresponsable de l'\u00e9laboration de la politique de s\u00e9curit\u00e9 du groupe Bumaco et le point de contact en mati\u00e8re de s\u00e9curit\u00e9, d'EPI, ...&nbsp;&nbsp;<\/p>\n\n\n\n<h2 class=\"wp-block-heading\">Qu'attend-on de notre nouveau conseiller en pr\u00e9vention ?<\/h2>\n\n\n\n<ul class=\"wp-block-list\">\n<li>R\u00e9alisation d'analyses de risques (identification des dangers, \u00e9valuation, enqu\u00eate sur les accidents du travail, stress psychosocial, etc.)\u00a0<\/li>\n\n\n\n<li>Transposition de la politique globale de pr\u00e9vention du groupe aux autres entit\u00e9s\u00a0<\/li>\n\n\n\n<li>Suivre les inspections de nos b\u00e2timents ; concernant les extincteurs, les ascenseurs, ...\u00a0<\/li>\n\n\n\n<li>Conseils en mati\u00e8re d'organisation et de s\u00e9curit\u00e9\u00a0\u00a0<\/li>\n\n\n\n<li>Pr\u00e9paration du plan d'action annuel, des analyses de risques, de la documentation sur la pr\u00e9vention et la protection au travail\u00a0<\/li>\n\n\n\n<li>\u00c9laborer des proc\u00e9dures d'urgence internes, organiser les premiers secours, ...\u00a0<\/li>\n\n\n\n<li>Assister aux r\u00e9unions de s\u00e9curit\u00e9 avec les partenaires externes, aider les chefs de projet, ...\u00a0\u00a0<\/li>\n<\/ul>\n\n\n\n<h2 class=\"wp-block-heading\">Votre profil :<\/h2>\n\n\n\n<ul class=\"wp-block-list\">\n<li>Vous pouvez vous pr\u00e9valoir de plusieurs ann\u00e9es d'exp\u00e9rience en tant que conseiller en pr\u00e9vention de niveau 2 et \u00eatre pr\u00eat \u00e0 obtenir le niveau 1 ou vous \u00eates d\u00e9j\u00e0 un conseiller en pr\u00e9vention de niveau 1 form\u00e9.<\/li>\n\n\n\n<li>Vous \u00eates titulaire d'un dipl\u00f4me de premier cycle, de pr\u00e9f\u00e9rence dans un domaine technique.<\/li>\n\n\n\n<li>Vous connaissez le syst\u00e8me de gestion VCA** et ISO 14001.\u00a0<\/li>\n\n\n\n<li>Vous pensez et travaillez dans une optique de qualit\u00e9.<\/li>\n\n\n\n<li>Vous avez le sens de la communication et savez communiquer des informations et des lignes directrices de mani\u00e8re claire \u00e0 diff\u00e9rentes parties, internes et externes.<\/li>\n<\/ul>","protected":false},"featured_media":6119,"template":"","bedrijfsnaam":[82],"type-contract":[],"provincie":[40],"segmentering":[83],"type-vacature":[23],"class_list":["post-6754","job","type-job","status-publish","has-post-thumbnail","hentry","bedrijfsnaam-bumaco-group","provincie-vlaams-brabant","segmentering-shared-services","type-vacature-bumaco-group"],"_links":{"self":[{"href":"https:\/\/www.bumacogroup.be\/fr\/wp-json\/wp\/v2\/job\/6754","targetHints":{"allow":["GET"]}}],"collection":[{"href":"https:\/\/www.bumacogroup.be\/fr\/wp-json\/wp\/v2\/job"}],"about":[{"href":"https:\/\/www.bumacogroup.be\/fr\/wp-json\/wp\/v2\/types\/job"}],"wp:featuredmedia":[{"embeddable":true,"href":"https:\/\/www.bumacogroup.be\/fr\/wp-json\/wp\/v2\/media\/6119"}],"wp:attachment":[{"href":"https:\/\/www.bumacogroup.be\/fr\/wp-json\/wp\/v2\/media?parent=6754"}],"wp:term":[{"taxonomy":"bedrijfsnaam","embeddable":true,"href":"https:\/\/www.bumacogroup.be\/fr\/wp-json\/wp\/v2\/bedrijfsnaam?post=6754"},{"taxonomy":"type-contract","embeddable":true,"href":"https:\/\/www.bumacogroup.be\/fr\/wp-json\/wp\/v2\/type-contract?post=6754"},{"taxonomy":"provincie","embeddable":true,"href":"https:\/\/www.bumacogroup.be\/fr\/wp-json\/wp\/v2\/provincie?post=6754"},{"taxonomy":"segmentering","embeddable":true,"href":"https:\/\/www.bumacogroup.be\/fr\/wp-json\/wp\/v2\/segmentering?post=6754"},{"taxonomy":"type-vacature","embeddable":true,"href":"https:\/\/www.bumacogroup.be\/fr\/wp-json\/wp\/v2\/type-vacature?post=6754"}],"curies":[{"name":"wp","href":"https:\/\/api.w.org\/{rel}","templated":true}]}}

Conseiller en prévention

<p>Le groupe Bumaco est en pleine croissance et nous recherchons donc un conseiller en prévention de niveau 1 ou 2, disposé à suivre une formation de niveau 1.&nbsp;</p>



<p>Vous participerez à l'élaboration, à la programmation, à la mise en œuvre et à l'évaluation de notre politique de bien-être, en concertation avec notre service extérieur.&nbsp;&nbsp;</p>



<p>Vous êtes coresponsable de l'élaboration de la politique de sécurité du groupe Bumaco et le point de contact en matière de sécurité, d'EPI, ...&nbsp;&nbsp;</p>



<h2 class="wp-block-heading">Qu'attend-on de notre nouveau conseiller en prévention ?</h2>



<ul class="wp-block-list">
<li>Réalisation d'analyses de risques (identification des dangers, évaluation, enquête sur les accidents du travail, stress psychosocial, etc.) </li>



<li>Transposition de la politique globale de prévention du groupe aux autres entités </li>



<li>Suivre les inspections de nos bâtiments ; concernant les extincteurs, les ascenseurs, ... </li>



<li>Conseils en matière d'organisation et de sécurité  </li>



<li>Préparation du plan d'action annuel, des analyses de risques, de la documentation sur la prévention et la protection au travail </li>



<li>Élaborer des procédures d'urgence internes, organiser les premiers secours, ... </li>



<li>Assister aux réunions de sécurité avec les partenaires externes, aider les chefs de projet, ...  </li>
</ul>



<h2 class="wp-block-heading">Votre profil :</h2>



<ul class="wp-block-list">
<li>Vous pouvez vous prévaloir de plusieurs années d'expérience en tant que conseiller en prévention de niveau 2 et être prêt à obtenir le niveau 1 ou vous êtes déjà un conseiller en prévention de niveau 1 formé.</li>



<li>Vous êtes titulaire d'un diplôme de premier cycle, de préférence dans un domaine technique.</li>



<li>Vous connaissez le système de gestion VCA** et ISO 14001. </li>



<li>Vous pensez et travaillez dans une optique de qualité.</li>



<li>Vous avez le sens de la communication et savez communiquer des informations et des lignes directrices de manière claire à différentes parties, internes et externes.</li>
</ul>
